{"id":2,"date":"2017-04-05T12:40:47","date_gmt":"2017-04-05T10:40:47","guid":{"rendered":"http:\/\/psyugo.com\/?page_id=2"},"modified":"2017-04-06T09:39:36","modified_gmt":"2017-04-06T07:39:36","slug":"presentation","status":"publish","type":"page","link":"http:\/\/psyugo.com\/index.php\/presentation\/","title":{"rendered":"Pr\u00e9sentation"},"content":{"rendered":"<p class=\"font_8\"><span class=\"color_15\">L\u2019infertilit\u00e9 reste aujourd\u2019hui encore un sujet tabou,\u00a0trouver une \u00e9coute, un soutien, m\u00eame aupr\u00e8s des personnes les plus proches reste\u00a0difficile.<\/span><\/p>\n<p class=\"font_8\"><span class=\"color_15\">Parce que je connais le stress, la douleur, l\u2019angoisse, l\u2019attente, l\u2019espoir, la col\u00e8re, la tristesse que peut engendrer un parcours de procr\u00e9ation m\u00e9dicale assist\u00e9e. Parce que je connais le sentiment d\u2019injustice,\u00a0de culpabilit\u00e9 et m\u00eame parfois de jalousie que l\u2019on peut ressentir\u2026.Et parce que la difficult\u00e9 de vivre ces ascenseurs \u00e9motionnels est souvent renforc\u00e9e par leur r\u00e9p\u00e9tition je vous propose un accompagnement dans toutes les \u00e9tapes de votre parcours.<\/span><\/p>\n<p class=\"font_8\">L\u2019annonce d\u2019une infertilit\u00e9 est avant tout un bouleversement de l\u2019id\u00e9e de la conception. Se reproduire est un acte naturel et souvent les personnes apprennent l\u2019existence d\u2019autres moyens de concevoir au moment de cette annonce. Commence alors le d\u00e9but d\u2019un long chemin\u2026 Les protocoles d\u2019aide \u00e0 la procr\u00e9ation sont tr\u00e8s m\u00e9dicalis\u00e9s, je vous propose de prendre un peu de temps pour vous, un pas de cot\u00e9 pour faire le point et comprendre vos \u00e9motions afin de mieux les accepter et ainsi mieux vivre votre parcours.<\/p>\n<p class=\"font_8\"><span class=\"color_15\">Dipl\u00f4m\u00e9e\u00a0d\u2019un Master 2 de psychologie j\u2019ai ainsi ajout\u00e9\u00a0la th\u00e9orie \u00e0 la pratique pour mieux vous aider dans ce combat.<\/span><\/p>\n","protected":false},"excerpt":{"rendered":"<p>L\u2019infertilit\u00e9 reste aujourd\u2019hui encore un sujet tabou,\u00a0trouver une \u00e9coute, un soutien, m\u00eame aupr\u00e8s des personnes les plus proches reste\u00a0difficile. Parce que je connais le stress, la douleur, l\u2019angoisse, l\u2019attente, l\u2019espoir, la col\u00e8re, la tristesse que peut engendrer un parcours de procr\u00e9ation m\u00e9dicale assist\u00e9e. Parce que je connais le sentiment d\u2019injustice,\u00a0de culpabilit\u00e9 et m\u00eame parfois de&hellip; <\/p>\n<p class=\"toivo-read-more\"><a href=\"http:\/\/psyugo.com\/index.php\/presentation\/\" class=\"more-link\">Lire la suite <span class=\"screen-reader-text\">Pr\u00e9sentation<\/span><\/a><\/p>\n","protected":false},"author":1,"featured_media":0,"parent":0,"menu_order":2,"comment_status":"closed","ping_status":"open","template":"","meta":{"footnotes":""},"_links":{"self":[{"href":"http:\/\/psyugo.com\/index.php\/wp-json\/wp\/v2\/pages\/2"}],"collection":[{"href":"http:\/\/psyugo.com\/index.php\/wp-json\/wp\/v2\/pages"}],"about":[{"href":"http:\/\/psyugo.com\/index.php\/wp-json\/wp\/v2\/types\/page"}],"author":[{"embeddable":true,"href":"http:\/\/psyugo.com\/index.php\/wp-json\/wp\/v2\/users\/1"}],"replies":[{"embeddable":true,"href":"http:\/\/psyugo.com\/index.php\/wp-json\/wp\/v2\/comments?post=2"}],"version-history":[{"count":5,"href":"http:\/\/psyugo.com\/index.php\/wp-json\/wp\/v2\/pages\/2\/revisions"}],"predecessor-version":[{"id":82,"href":"http:\/\/psyugo.com\/index.php\/wp-json\/wp\/v2\/pages\/2\/revisions\/82"}],"wp:attachment":[{"href":"http:\/\/psyugo.com\/index.php\/wp-json\/wp\/v2\/media?parent=2"}],"curies":[{"name":"wp","href":"https:\/\/api.w.org\/{rel}","templated":true}]}}